r of p and x.
1
Let t be -18*(3 + (1 - 2)). Let b be t/15*45/(-6). Suppose 0 = -2*y + 62 + 28. What is the greatest common factor of b and y?
9
Let a(u) = -1. Let p(g) = 2*g - 2. Let b(i) = -2*a(i) + p(i). Let x be b(6). Calculate the greatest common factor of x and 24.
12
Let j(r) = -12*r + 176. Let f be j(9). What is the greatest common factor of f and 289?
17
Let q be (-6998)/18 + (-4)/18. Let l = q - -560. What is the greatest common factor of 19 and l?
19
Suppose 0 = -3*j + 2*m + 883, -2*j - 4*m - 1172 = -6*j. Suppose 4*y - 39 - j = 0. What is the greatest common divisor of y and 12?
12
Let a be (-1)/4 - 1539/(-76). Let c(b) = 2*b**3 - 39*b**2 - 19*b + 28. Let y be c(a). What is the highest common divisor of y and 108?
12
Suppose -2*z - 5*o + 132 = 0, 81 + 295 = 5*z + o. Let i(w) = 14*w - 51. Let g be i(5). What is the highest common divisor of g and z?
19
Let h(t) = -t**2 + 4*t + 15. Let s be h(5). Let d = 26 - s. Let k be 2 - d/6*-6. What is the highest common factor of 6 and k?
6
Let p be ((-2)/(-4))/(4/24). Let c = 1 + 2. Suppose 25 = 5*u, 2*u = c*g - 13 - 13. Calculate the highest common divisor of g and p.
3
Suppose 3*o - 4*k = 2033, 5*k = 3*o + 6*k - 2023. What is the highest common factor of o and 945?
135
Let v(q) = -15 + 18 + 9 + 16*q - q - q**2. Let j(c) = -c + 7. Let o be j(-5). Let r be v(o). Calculate the greatest common divisor of 6 and r.
6
Suppose -3*o + 8*h - 13*h + 205 = 0, -4*o = 3*h - 277. Calculate the greatest common factor of 224 and o.
14
Let f be ((-91)/52)/((-1)/(6 - 2)). Suppose -4*x + 13 = -f. Calculate the highest common factor of x and 15.
5
Suppose -17*z = -96 - 74. What is the greatest common factor of z and 10?
10
Suppose -6*u + 117 = -723. Suppose -3*j - u - 49 = 0. Let h = -33 - j. Calculate the greatest common divisor of h and 10.
10
Let q = 8 + -19. Let a = q - 8. Let t = a - -26. What is the highest common divisor of t and 28?
7
Let c(n) = -5*n**2 - 18*n + 13. Let t(a) = -a**2 - a + 1. Let k(h) = -c(h) + 6*t(h). Let b be k(7). What is the highest common factor of b and 308?
28
Suppose 232 - 79 = 9*s. Calculate the greatest common divisor of 1139 and s.
17
Let m(s) = s**3 - 11*s**2 - 37*s + 29. Let j be m(14). Calculate the greatest common factor of 55 and j.
11
Suppose 0 = -4*r - 3*s + 38, 5*s + 65 = 5*r - 0*s. Let m(a) = a**2 - a + 1. Let h be m(1). Suppose 5 = 4*f + h. Calculate the greatest common factor of r and f.
1
Let w(r) = r - 8. Let u be w(6). Let k be u/(1/8*-2). Let b(p) = 18*p**2 + p + 2. Let i be b(-2). Calculate the greatest common divisor of i and k.
8
Suppose -16*d + 408 = d. Calculate the highest common divisor of 64 and d.
8
Let f = 287 - 284. What is the highest common divisor of f and 219?
3
Let v be (-2*32)/((-9)/4 + 2). Calculate the highest common factor of 64 and v.
64
Let v(x) = x**3 - 13*x**2 - 15*x + 23. Let c be v(14). What is the greatest common divisor of c and 1125?
9
Let r = -3381 + 5897. What is the greatest common divisor of r and 136?
68
Suppose 0 = -3*c + 10*g - 5*g + 44, c = -5*g - 12. What is the highest common factor of c and 56?
8
Suppose 2097 = -0*f + 5*f + 3*v, 3*f + 4*v - 1256 = 0. What is the highest common factor of f and 126?
42
Suppose -2*n - 5*q + 35 = 11, 0 = -4*n - 2*q + 16. Calculate the highest common factor of n and 4.
2
Let t(p) = 12*p + 128. Let r be t(-9). What is the highest common divisor of 460 and r?
20
Let v be (-368)/(-10) - (-4)/(-5). Suppose 6 = 3*y + v. Let x be ((-972)/30)/(3/y). Calculate the greatest common divisor of x and 12.
12
Suppose -4*g = -2*k + 22, 0 = -g - 2*g - 12. Let h = k - 0. Calculate the greatest common divisor of 36 and h.
3
Let l(o) = -o**2 - 33*o - 18. Let t be l(-32). Calculate the greatest common divisor of 4 and t.
2
Suppose 5*y - 166 = 89. Let n be (2*1)/(13/(-117)). Let a = 35 + n. Calculate the highest common factor of y and a.
17
Let j(r) = -2*r**3 + 12*r**2 + 4*r - 20. Let g(k) = -6*k - 6. Let f be g(-2). Let x be j(f). What is the greatest common divisor of 1 and x?
1
Suppose -5*v + 0 + 5 = 0. Let q be (v/(-2) - -2)*8. Let k be q*(33/9 + -3). What is the greatest common divisor of 2 and k?
2
Suppose -n + 44 = 2*g + 18, 0 = -2*g - 4. Calculate the highest common factor of 40 and n.
10
Suppose -4*x + 577 = 2*d - 59, 5*x - 1605 = -5*d. What is the greatest common factor of 12 and d?
12
Suppose -r = 3*r + g + 3, 22 = -r + 4*g. Let q be 1 - -1 - ((-14)/2 + r). What is the highest common factor of q and 33?
11
Let b = 559 + -541. Let i(t) = 5*t**2 - 4*t. Let g be i(8). What is the highest common divisor of g and b?
18
Suppose 18 = 5*u - 52. Suppose -10*d = -3*d - 294. Calculate the greatest common divisor of u and d.
14
Suppose -103 = -q - q - x, x = -1. Let s(u) = 77*u - 1424. Let d be s(19). Calculate the highest common factor of q and d.
13
Let b = -23 - -44. Let l = b - 11. Let z(x) = -178*x - 4270. Let u be z(-24). Calculate the greatest common factor of l and u.
2
Let x be (-99)/(-15) - 4/(-10). Let r be 0*(-2)/6 + -28. Let w = r + 56. Calculate the greatest common factor of x and w.
7
Suppose 2442 = 35*x - 15513. What is the highest common divisor of 108 and x?
27
Suppose 5*g = -25, 2*v + 3*g + 3 = -v. Let c(w) = w**3 + 2*w**2 + 2*w + 54. Let i be c(0). Suppose 7*l = v*l + i. What is the highest common factor of 18 and l?
18
Let c(h) = 15*h + 97. Let k be c(-5). Let p = -2 - -35. Calculate the greatest common factor of k and p.
11
Let d be ((-16008)/(-27))/4 - (-8)/(-36). Calculate the highest common factor of d and 37.
37
Let x(g) = -g**2 - 14*g + 3. Let t be x(-14). Suppose 12 = -k + t*k. What is the highest common factor of k and 30?
6
Let p be ((-1)/1)/(15 + -16). Let b = 50 - 18. Suppose 4*l - b = -2*n - 2*n, -3*n + 4*l + 45 = 0. Calculate the greatest common divisor of n and p.
1
Let u be (11385/(-36))/(-11) - 10/(-8). What is the greatest common factor of 190 and u?
10
Suppose -3*u + 25 = -2. Let r(z) = -22*z + 11*z + 1 - 12 + 9*z + 3*z**2 - 2*z**2. Let q be r(u). What is the greatest common factor of q and 13?
13
Suppose -4*o + 41 = -j, -3*j + 0*j = o + 6. Suppose -4*t = -4*z + 124, 1 = 2*t - o. What is the greatest common factor of z and 12?
12
Let n(q) = 9*q - 15. Let s be n(10). Let c = 165 - s. Calculate the highest common divisor of 10 and c.
10
Let x = 657 - 649. What is the highest common factor of 256 and x?
8
Let n(u) = u**3 - 18*u**2 + 4*u + 18. Let g be n(18). Let f = -27 + -35. Let b = -44 - f. What is the highest common factor of g and b?
18
Let a be ((-2)/12*-3)/(8/416). Let y(k) = k**2 + 5*k + 3. Let l be y(4). Calculate the greatest common divisor of a and l.
13
Let h be 2 - (0 - (92 + (-18)/(-6))). Calculate the greatest common factor of h and 1.
1
Suppose -154*r + 166*r - 156 = 0. What is the greatest common divisor of r and 1391?
13
Let b = 6 - -13. Suppose 2 - 8 = 2*o, 3*h - 4*o - 24 = 0. Suppose -h*j - 295 = -979. What is the highest common divisor of j and b?
19
Suppose 4 - 48 = -11*h. What is the highest common factor of h and 4?
4
Let q be 76/14 - (-80)/140. Let m(f) = -8*f + 3. Let b be m(q). Let a be 7/14 - b/2. Calculate the highest common divisor of 207 and a.
23
Suppose 0 = 2*c - 22 - 106. Let w(a) = a**3 + 20*a**2 + 16. Let k be w(-20). Calculate the greatest common factor of c and k.
16
Suppose 35*z + 6*z = 3772. What is the highest common factor of z and 12?
4
Suppose -4*c - p = -14, 0 = -c - 0*p - 2*p + 7. Suppose -46 = i - c*i. Let k be -7 + -2 + 16 + 0 + 39. What is the highest common factor of k and i?
23
Suppose -3*t = -2*h + h - 51, -3*t = h - 45. Let g(u) = 63*u**2 + 1. Let q be g(-1). Calculate the greatest common factor of q and t.
16
Let l(u) = -u**2 + 7*u - 2. Let w be l(6). Let x = -49 - -77. Calculate the greatest common divisor of w and x.
4
Let i be 2 + -2 + 0 + 0. Let z = 1 + i. Suppose -33*d = -28*d + 25, -28 = -x + 4*d. What is the highest common divisor of x and z?
1
Let q(r) = -2*r + 2. Let l be q(-9). Let s be (12/5)/((-4)/l). Let j = s + 37. Calculate the highest common factor of j and 175.
25
Let l be 1*(-212)/(-24) - 1/(-6). Suppose -234 = -5*m - l. What is the greatest common divisor of m and 15?
15
Suppose 0 = 2*u + 2*p + 58, -2*u - 2*u - 5*p - 120 = 0. Let s = u + 41. Suppose 3*k - 61 = -s. Calculate the highest common divisor of 10 